{"id":16,"date":"2025-08-15T15:35:40","date_gmt":"2025-08-15T15:35:40","guid":{"rendered":"https:\/\/oranje.metziontwerp.nl\/?page_id=16"},"modified":"2025-12-27T09:54:57","modified_gmt":"2025-12-27T09:54:57","slug":"over-mij","status":"publish","type":"page","link":"https:\/\/vencken-psychologie.nl\/index.php\/over-mij\/","title":{"rendered":"Over mij"},"content":{"rendered":"\t\t<div data-elementor-type=\"wp-page\" data-elementor-id=\"16\" class=\"elementor elementor-16\">\n\t\t\t\t<div class=\"elementor-element elementor-element-24b6c04 e-flex e-con-boxed e-con e-parent\" data-id=\"24b6c04\" data-element_type=\"container\" data-e-type=\"container\">\n\t\t\t\t\t<div class=\"e-con-inner\">\n\t\t\t\t<div class=\"elementor-element elementor-element-5810600 elementor-widget elementor-widget-heading\" data-id=\"5810600\" data-element_type=\"widget\" data-e-type=\"widget\" data-widget_type=\"heading.default\">\n\t\t\t\t\t<h1 class=\"elementor-heading-title elementor-size-default\">Janneke Vencken<\/h1>\t\t\t\t<\/div>\n\t\t\t\t<div class=\"elementor-element elementor-element-de75431 elementor-widget elementor-widget-text-editor\" data-id=\"de75431\" data-element_type=\"widget\" data-e-type=\"widget\" data-widget_type=\"text-editor.default\">\n\t\t\t\t\t\t\t\t\t<h4>GZ-psycholoog<\/h4>\t\t\t\t\t\t\t\t<\/div>\n\t\t\t\t\t<\/div>\n\t\t\t\t<\/div>\n\t\t<div class=\"elementor-element elementor-element-4141e7f e-flex e-con-boxed e-con e-parent\" data-id=\"4141e7f\" data-element_type=\"container\" data-e-type=\"container\">\n\t\t\t\t\t<div class=\"e-con-inner\">\n\t\t<div class=\"elementor-element elementor-element-9b41b17 e-con-full e-flex e-con e-child\" data-id=\"9b41b17\" data-element_type=\"container\" data-e-type=\"container\">\n\t\t\t\t<div class=\"elementor-element elementor-element-a0c4657 elementor-widget elementor-widget-heading\" data-id=\"a0c4657\" data-element_type=\"widget\" data-e-type=\"widget\" data-widget_type=\"heading.default\">\n\t\t\t\t\t<h4 class=\"elementor-heading-title elementor-size-default\">Ervaring <\/h4>\t\t\t\t<\/div>\n\t\t\t\t<div class=\"elementor-element elementor-element-fc08a90 elementor-widget elementor-widget-text-editor\" data-id=\"fc08a90\" data-element_type=\"widget\" data-e-type=\"widget\" data-widget_type=\"text-editor.default\">\n\t\t\t\t\t\t\t\t\t<p>Ik ben 50 jaar en al bijna 25 jaar werkzaam in de hulpverlening. <br \/>Ooit begonnen als orthopedagoog en later als GZ-psycholoog, heb ik de achterliggende jaren binnen diverse grote instellingen met verschillende doelgroepen gewerkt. In 2023 heb ik de stap genomen om als zelfstandige aan de slag te gaan. Daarbij werk ik samen met diverse collega\u2019s, waardoor we kleinschaligheid en persoonlijke aandacht kunnen combineren met een breed aanbod van behandelmogelijkheden. <br \/>In mijn praktijk werk ik met (jong)volwassenen vanaf 18 jaar. <br \/>Samen onderzoeken we waar je bent vastgelopen en wat jou kan helpen om weer vooruit te komen. Dit kan in individuele gesprekken, maar ook in groepstherapie\u00ebn. Deze bied ik samen met een collega aan, regelmatig in de natuur. Zowel in groepen als \u00e9\u00e9n-op-\u00e9\u00e9n geeft dit vaak een extra dimensie aan de behandeling. <br \/>Ik ben opgeleid in EMDR, schematherapie en cognitieve gedragstherapie, en laat me daarnaast graag inspireren door mindfulness, ACT en de positieve psychologie.<\/p>\t\t\t\t\t\t\t\t<\/div>\n\t\t\t\t<\/div>\n\t\t<div class=\"elementor-element elementor-element-64d7891 e-con-full e-flex e-con e-child\" data-id=\"64d7891\" data-element_type=\"container\" data-e-type=\"container\">\n\t\t\t\t<div class=\"elementor-element elementor-element-0373e4c elementor-widget elementor-widget-image\" data-id=\"0373e4c\" data-element_type=\"widget\" data-e-type=\"widget\" data-widget_type=\"image.default\">\n\t\t\t\t\t\t\t\t\t\t\t\t\t\t\t<img fetchpriority=\"high\" decoding=\"async\" width=\"400\" height=\"320\" src=\"https:\/\/vencken-psychologie.nl\/wp-content\/uploads\/2025\/12\/Janneke-450-x-e1765162861567.jpg\" class=\"attachment-full size-full wp-image-1220\" alt=\"Janneke\" srcset=\"https:\/\/vencken-psychologie.nl\/wp-content\/uploads\/2025\/12\/Janneke-450-x-e1765162861567.jpg 400w, https:\/\/vencken-psychologie.nl\/wp-content\/uploads\/2025\/12\/Janneke-450-x-e1765162861567-300x240.jpg 300w\" sizes=\"(max-width: 400px) 100vw, 400px\" \/>\t\t\t\t\t\t\t\t\t\t\t\t\t\t\t<\/div>\n\t\t\t\t<div class=\"elementor-element elementor-element-b792f2f elementor-widget elementor-widget-heading\" data-id=\"b792f2f\" data-element_type=\"widget\" data-e-type=\"widget\" data-widget_type=\"heading.default\">\n\t\t\t\t\t<h4 class=\"elementor-heading-title elementor-size-default\">Persoonlijk<\/h4>\t\t\t\t<\/div>\n\t\t\t\t<div class=\"elementor-element elementor-element-8558ec7 elementor-widget elementor-widget-text-editor\" data-id=\"8558ec7\" data-element_type=\"widget\" data-e-type=\"widget\" data-widget_type=\"text-editor.default\">\n\t\t\t\t\t\t\t\t\t<p>Ik leef samen met mijn partner en drie (jong)volwassen kinderen. Inspiratie haal ik uit mijn gezin, vrienden en mijn hobby\u2019s: koken en uit eten gaan, wandelen en fietsen in de natuur, bezig zijn in de tuin, lezen en het ontdekken van nieuwe plekken tijdens vakanties.<\/p>\t\t\t\t\t\t\t\t<\/div>\n\t\t\t\t<\/div>\n\t\t\t\t\t<\/div>\n\t\t\t\t<\/div>\n\t\t\t\t<\/div>\n\t\t","protected":false},"excerpt":{"rendered":"<p>Janneke Vencken GZ-psycholoog Ervaring Ik ben 50 jaar en al bijna 25 jaar werkzaam in de hulpverlening. Ooit begonnen als [&hellip;]<\/p>\n","protected":false},"author":2,"featured_media":0,"parent":0,"menu_order":0,"comment_status":"closed","ping_status":"closed","template":"","meta":{"site-sidebar-layout":"no-sidebar","site-content-layout":"","ast-site-content-layout":"full-width-container","site-content-style":"unboxed","site-sidebar-style":"unboxed","ast-global-header-display":"","ast-banner-title-visibility":"","ast-main-header-display":"","ast-hfb-above-header-display":"","ast-hfb-below-header-display":"","ast-hfb-mobile-header-display":"","site-post-title":"disabled","ast-breadcrumbs-content":"","ast-featured-img":"disabled","footer-sml-layout":"","ast-disable-related-posts":"","theme-transparent-header-meta":"disabled","adv-header-id-meta":"","stick-header-meta":"default","header-above-stick-meta":"","header-main-stick-meta":"","header-below-stick-meta":"","astra-migrate-meta-layouts":"set","ast-page-background-enabled":"default","ast-page-background-meta":{"desktop":{"background-color":"var(--ast-global-color-5)","background-image":"","background-repeat":"repeat","background-position":"center center","background-size":"auto","background-attachment":"scroll","background-type":"","background-media":"","overlay-type":"","overlay-color":"","overlay-opacity":"","overlay-gradient":""},"tablet":{"background-color":"","background-image":"","background-repeat":"repeat","background-position":"center center","background-size":"auto","background-attachment":"scroll","background-type":"","background-media":"","overlay-type":"","overlay-color":"","overlay-opacity":"","overlay-gradient":""},"mobile":{"background-color":"","background-image":"","background-repeat":"repeat","background-position":"center center","background-size":"auto","background-attachment":"scroll","background-type":"","background-media":"","overlay-type":"","overlay-color":"","overlay-opacity":"","overlay-gradient":""}},"ast-content-background-meta":{"desktop":{"background-color":"var(--ast-global-color-4)","background-image":"","background-repeat":"repeat","background-position":"center center","background-size":"auto","background-attachment":"scroll","background-type":"","background-media":"","overlay-type":"","overlay-color":"","overlay-opacity":"","overlay-gradient":""},"tablet":{"background-color":"var(--ast-global-color-4)","background-image":"","background-repeat":"repeat","background-position":"center center","background-size":"auto","background-attachment":"scroll","background-type":"","background-media":"","overlay-type":"","overlay-color":"","overlay-opacity":"","overlay-gradient":""},"mobile":{"background-color":"var(--ast-global-color-4)","background-image":"","background-repeat":"repeat","background-position":"center center","background-size":"auto","background-attachment":"scroll","background-type":"","background-media":"","overlay-type":"","overlay-color":"","overlay-opacity":"","overlay-gradient":""}},"footnotes":""},"class_list":["post-16","page","type-page","status-publish","hentry"],"_links":{"self":[{"href":"https:\/\/vencken-psychologie.nl\/index.php\/wp-json\/wp\/v2\/pages\/16","targetHints":{"allow":["GET"]}}],"collection":[{"href":"https:\/\/vencken-psychologie.nl\/index.php\/wp-json\/wp\/v2\/pages"}],"about":[{"href":"https:\/\/vencken-psychologie.nl\/index.php\/wp-json\/wp\/v2\/types\/page"}],"author":[{"embeddable":true,"href":"https:\/\/vencken-psychologie.nl\/index.php\/wp-json\/wp\/v2\/users\/2"}],"replies":[{"embeddable":true,"href":"https:\/\/vencken-psychologie.nl\/index.php\/wp-json\/wp\/v2\/comments?post=16"}],"version-history":[{"count":0,"href":"https:\/\/vencken-psychologie.nl\/index.php\/wp-json\/wp\/v2\/pages\/16\/revisions"}],"wp:attachment":[{"href":"https:\/\/vencken-psychologie.nl\/index.php\/wp-json\/wp\/v2\/media?parent=16"}],"curies":[{"name":"wp","href":"https:\/\/api.w.org\/{rel}","templated":true}]}}